1 + 0 - (-127 + 104) - (0 - 7)?
9
What is the value of 7 + -5 + (116 - 110)?
8
22 + -3 + -3 + 15 + -3 + 4
32
What is the value of 14 + (-3 + 1 - (-162 + 152))?
22
-2 + -1 + (-9 + (-8 - -9) - -8)
-3
Calculate (-7 - (-5 + (9 - 21))) + -18.
-8
Calculate 6 - 15 - (-40 + 0) - (2 - 4).
33
40 - (8 + -5 + 15)
22
What is the value of -1 + -2 + (-4 - -36) - 10?
19
What is (8 - 1) + (-2 - -1) + (-70 - -67)?
3
(-23 - (23 + -49)) + (-1 - (-2 - -1))
3
Calculate 17 + (7 - 18) + (-31 - (9 - 4)).
-30
What is -11 + (8 - -9) + -4 + -1?
1
(-1 - -1) + 5 - (298 - 308)
15
Calculate -4 - (-72 + 11 + 34).
23
Evaluate (2 - 7) + (-11 - (11 + (3 - 17))).
-13
Calculate -11 + (-30 - -50) - -9.
18
What is the value of 65 - (-38 - -125) - (1 + -1)?
-22
What is -9 - (-5 + -10 + 9 + 7 + 8)?
-18
What is the value of -27 - (-54 + 33) - (0 + 11)?
-17
What is 1 - (-14 - -3) - 3?
9
What is (1192 - 1164) + (1 + -4 - 2)?
23
Evaluate -1 + 3 + (-88 - -86).
0
Evaluate (-21 - (-15 - -8)) + -25 - -13.
-26
What is (-4 - -5) + 26 + -29 - (0 - 1)?
-1
1 + 1 + -14 + (330 - 320)
-2
Calculate 28 + -24 + (2 - -1) - (2 - 10).
15
What is -61 + 29 + 24 + -6?
-14
What is the value of 2 - (-3 - (-47 - 0) - (-36 - -44))?
-34
Evaluate -5 + 21 + -8 - 4.
4
What is the value of 0 - (-3 + -2 + 4 - 6)?
7
Evaluate -2 + 0 + (-1 - -12) + (61 - 66).
4
-24 + (8 - (-20 + 18))
-14
Calculate (2 - -11 - 57) + 24.
-20
What is 2 - (-8 - (4 + 5)) - 8?
11
Evaluate 8 + (-33 - (0 + -17)).
-8
What is -3 - (4 - (10 + -3 + 8) - -38)?
-30
What is the value of -6 + -3 + 2 + (-2 - -8)?
-1
Calculate -3 + -4 + (11 + -16 - (-8 - -2)).
-6
What is (56 + -55 - (2 + -7)) + -46 + 4?
-36
What is the value of (42 - 19) + 8 + -11?
20
Evaluate 6 + 2 + 0 + (6 - 0) + -11.
3
(-37 - -22) + 2 + 8
-5
Calculate -10 + -10 + (0 - -9).
-11
Evaluate ((11 - 22) + 29 + -7 - -2) + -2.
11
Evaluate -49 + 44 - (-1 + 8).
-12
Calculate -14 + (-2 + 3 + -14 - -30).
3
Calculate 10 + -7 - (12 - 14).
5
1 + -6 - -4 - 2 - (-54 - -53)
-2
4 - (0 - (-1 + 7 + -3 + -8))
-1
What is the value of 12 + (9 - (20 + 3))?
-2
Calculate 6 + -21 - ((-3 - -12) + 2).
-26
(-5 - (3 - 22)) + -13 + 10
11
What is -24 - -24 - (-3 + -4 + 6)?
1
What is 17 - (-20 + 14 + 13)?
10
What is the value of -18 + 28 + -37 + 1?
-26
What is the value of -10 + (3 + 11 - (-6 + 13))?
-3
What is -10 + (-2 + 7 + 4 - 5)?
-6
What is 6 + -9 + (-16 - (8 + -12 - 3))?
-12
What is the value of -1 + 10 + (-8 - 4)?
-3
-4 + -11 + 12 + 15 + -3
9
Evaluate (1 - -10) + (-1 + -17 - -27).
20
Calculate -42 + -24 + 57 + 12.
3
3 - (10 - 2) - 7 - 0
-12
Evaluate 2 - (40 + -51 + 21 + -1).
-7
What is -4 - (-11 + 14 + -4)?
-3
Evaluate 22 + -32 + 6 + 1 + 1.
-2
(23 - -11) + -3 + -8
23
What is the value of -7 + (-4 - 2 - (-39 + 26))?
0
Calculate 5 + (-28 - (-6 - (-7 + -8 + 9))).
-23
Evaluate 2 + (-25 - -11 - -11) + -8.
-9
What is 30 - ((18 - 22) + 26)?
8
What is 3 + (-12 - -9 - (-2 - 9 - -6))?
5
-139 + 122 + (14 - 1) + 10
6
Evaluate 2 + -1 - ((0 - -1) + 1 + -13).
12
What is the value of -47 - (-15 + -7) - -12?
-13
What is the value of -1 - -6 - (135 + -141) - (-4 - -8)?
7
What is the value of 0 + 2 + (3 - 9) + (-800 - -792)?
-12
(-5 - (3 - -6)) + 44 + -57
-27
What is 7 - (0 - (-4 - (-10 - 1 - 0)))?
14
Calculate -26 - ((2 - 30) + -3).
5
What is 2 + 5 - (14 + 30 - 21)?
-16
What is the value of -8 - (1 + 0 + -10 + (7 - -1))?
-7
Evaluate -10 + 272 + -269 + 1 + -13.
-19
20 + -8 + -28 + 5 + 23
12
Calculate (-6 - (2 - 8) - -12) + 14.
26
What is the value of -11 + (9 - 5) - 3 - -4?
-6
What is (6 - 17) + (42 - 10) + 8?
29
Evaluate 12 + -31 + 27 - (-4 + 23 + 1).
-12
Calculate -1 + 28 + -11 + 3 + (0 - 1).
18
What is 17 - (16 + 28 + -17) - (0 - 3)?
-7
Evaluate 5 + 16 + (-28 - 0) + -7.
-14
Calculate 0 + -2 + 1 - (1 - 1 - 15).
14
What is the value of -3 + (-1 - -1) + 4 - (18 - 7)?
-10
Evaluate -1 + -18 - (-1090 + 1088).
-17
Calculate 32 - (-46 - -63) - (-3 + 0).
18
Evaluate (-27 - -42 - 2) + 2.
15
Evaluate 0 + 24 - (32 + 10 + -32).
14
Calculate 9 + 25 + -5 + -24.
5
Evaluate -25 - -33 - 17 - (-3 + 3).
-9
Evaluate 21 - 20 - 16 - (-2 - 6).
-7
What is the value of 7 + (41 - (45 + -17))?
20
-8 - (-10 + 5 - -7 - -11)
-21
Calculate 2 + 16 - (-33 + 72).
-21
What is the value of (-20 - 19) + -7 + 42?
-4
-1 + (2 - -3 - (7 + (13 - 2)))
-14
What is 2 + 0 - (-63 - -50)?
15
Evaluate (-1 - (0 + -1)) + (128 - 125) - -1.
4
6 + (0 - 8) + 12 + 16 + -29
-3
What is (6 - (12 + -28 - -20)) + 4 + -1?
5
Calculate -16 - (-24 + 11 + 20).
-23
-6 + 0 + 18 + -3 + -5 + 1
5
Calculate 8 - (-9 - 15 - (-1 + -1 + 1)).
31
What is the value of 8 + (2 - (1 + -2)) + -35 + 35?
11
What is -1 + (-61 - -51 - (-2 + -19)) + -3?
7
Calculate (0 - (2 + -7)) + (17 + -13 - 24).
-15
Calculate 1 + -4 - (4 + 4 + -6).
-5
(-10 - (2 + -8) - 1) + 4 + 18
17
(1 + 1 - (-360 + 347)) + (2 - -2)
19
Evaluate 14 - (-22 - -16 - -11).
9
What is the value of 3 + 38 + -60 + 38?
19
What is (-62 - (-129 - -61)) + -1 + -26?
-21
Calculate -14 + 8 + (12 - 17) - 7.
-18
What is the value of (2 - -10 - -9) + -6 + 7?
22
What is -10 + -11 + (41 - 11 - 13)?
-4
-6 + 3 + -2 + 5 + -24 + 12
-12
What is the value of (0 - 0 - 2) + -67 + 83?
14
-4 - -2 - (5 + (-2 - 6) - -3)
-2
What is the value of (0 - (-1 - 0)) + (14 - (12 + -5))?
8
Evaluate -15 + -3 + 25 + (-18 - (0 - -1)).
-12
What is -20 - -22 - (-3 + -3)?
8
Evaluate -2 - (-5 + -1 - (-28 - (11 + -7))).
-28
-12 + 2 - (1 + -5) - (28 - 21)
-13
Evaluate (16 - 13 - -2) + (11 - (1 + 2)).
13
Calculate 17 + -26 + 14 - 18.
-13
3 + -2 + 2 + (-40 - 0 - -8)
-29
What is 1907 + -1911 - (-13 + 0 + 0)?
9
What is -8 + 6 + (-7 - 6) + (4 - 2)?
-13
Evaluate (-22 + (33 - 15) - (0 + -43)) + -9.
30
(1 - -38) + (21 - 45)
15
What is the value of 11 - -9 - 7 - 6?
7
-3 + -3 + 9 + -5 + (6 - 6)
-2
What is the value of (-14 - -34 - 15) + -15?
-10
-8 + -2 + 0 - -4 - (-45 + 25)
14
Evaluate (8 - 10 - 14) + 14.
-2
What is the value of -12 + (37 + 5 - (1 - -9))?
20
Evaluate -12 + (11 - 5) + 5.
-1
Calculate -7 + (-21 - 2) + 23.
-7
Calculate -7 + 3 + -3 + 22 + -17.
-2
-36 + (-12 - -41) - (8 + 0)
-15
Calculate (15 - -5) + 2 - 18.
4
Evaluate (-8 - -6) + -4 + (-6 - -3) + -1.
-10
Calculate 11 + 19 + -80 - (-16 - -3).
-37
(29 + -39 - (2 - 7 - 0)) + -4
-9
1 - (-1 + -1 + 3) - (368 - 359)
-9
What is 4 - (6 + -3 + -3 - 10)?
14
Evaluate -26 + 15 + -8 + -11 + 5.
-25
Calculate (-1 - -3 - -2) + -19 + (26 - 4).
7
Calculate -17 - (-10 - 12) - -8.
13
What is the value of (-1 - -13 - (3 - (-7 - -5))) + -6?
1
-7 + (-97 - -99 - (0 - 8))
3
What is the value of (-38 - -44) + 1 + -19?
-12
Evaluate (-1 - (7 - 0)) + 1 + 17.
10
Evaluate (1 - 9) + 3 - 5.
-10
What is 8 - 5 - -16 - 5?
14
Calculate (-3 - -21) + 15 + -3 - 12.
18
What is the value of (-20 - (-8 + -34)) + -12?
10
-15 + 61 + 20 + -43
23
What is -44 + 43 + ((4 - -2) + 2 - 4)?
3
Evaluate (-1 - -10 - (2 - -8 - -4)) + 15.
10
-21 + -20 + 44 + -13
-10
What is -2 + (-13 + 31 + -14 - 12)?
-10
What is the value of -6 + 50 - 25 - (1 + -9) - 7?
20
Calculate (-11 - -6) + -6 + 3 + (-8 - -18).
2
Evaluate -29 + (9 + -3 - -10) + -9.
-22
Evaluate -22 + (12 + -10 - (2 + -8)) - 0.
-14
Evaluate -11 + (5 - 1 - (-196 - -194)).
-5
Calculate (0 + -8 - (-4 - (-11 + 7))) + -7.
-15
Evaluate -55 + (134 - 57) + (3 - 1).
24
Calculate 9 + (-2 + (-6 - -3) - -5 - 3).
6
Calculate 26 + -99 + -4 - -37.
-40
What is the value of (69 - 77) + (1 - -1 - (9 + -41))?
26
What is 5 + (-3 - (-5 - (-1 + -8)) - -9)?
7
Calculate -7 - -5 - (10 - (14 - 9)).
-7
What is -26 + -1 - -34 - 18?
-11
What is the value of -16 - -7 - ((-21 - -2) + 0)?
10
What is 3 + (-14 - -8) + 10?
7
What is -12 - (-8 + 6 + (12 - 17))?
-5
Calculate 9 - (-3 - (-2 - -4) - (-5 + -43)).
-34
Evaluate (21 + -9 - 1) + -16 - 12.
-17
What is the value of (0 + -2 - (-63 - -53) - 0) + 10?
18
-561 + 592 + (2 - 13)
20
Evaluate -3 - ((1 - (-8 + 29)) + -4 + 1).
20
Calculate 4 + 1 + (-2 + 8 - 22).
-11
Calculate 9 - ((15 - 13) + 17 + -7).
-3
What is (-12 - -6) + -6 + 7 - -5?
0
Evaluate 7 + (0 - 4 - (28 - 35)) + 8.
18
What is the value of -31 - (24 - 24 - (4 + 7))?
-20
(-4 + 0 + 4 - (-3 - 1)) + -9
-5
What is 43 + -2 + (13 - 35)?
19
What is -17 + 18 - (3 - (-6 + 18))?
10
What is 16 + -6 + 20 - 25?
5
Calculate -17 + (1 - (1 + 2)) + 67 + -71.
-23
What is the value of -12 + 2 + (-199 - -219)?
10
What is the value of -2 - (7 + 4 + -15 + 12 + -2)?
-8
Evaluate 2 + (-3 - 2) + 13